{"id":703,"date":"2025-05-20T15:47:53","date_gmt":"2025-05-20T19:47:53","guid":{"rendered":"https:\/\/globalsecuritealerte.delisoft.dev\/produits\/?post_type=product&#038;p=703"},"modified":"2025-05-21T09:12:33","modified_gmt":"2025-05-21T13:12:33","slug":"dispositif-dalerte-mobile-comp","status":"publish","type":"product","link":"https:\/\/globalsecuritealerte.ca\/produits\/produit\/dispositif-dalerte-mobile-comp\/","title":{"rendered":"Dispositif d&rsquo;alerte mobile"},"content":{"rendered":"<div style=\"display: flex; gap: 5px;\">\n<p>(1)<\/p>\n<p>Le plan de t\u00e9l\u00e9surveillance inclut le dispositif d\u2019urgence pouvant \u00eatre port\u00e9 en pendentif ou \u00e0 la ceinture. Le forfait mensuel \u00e0 59,99$ est renouvelable mensuellement au m\u00eame tarif. Le client peut en tout temps arr\u00eater le service suivant un avis de 30 jours. Le prix sp\u00e9cial sur entente de 18 mois est sujet \u00e0 un frais de r\u00e9siliation anticip\u00e9. L\u2019entente se renouvelle mensuellement \u00e0 l\u2019expiration de la p\u00e9riode de 18 mois. D\u2019autres conditions s\u2019appliquent telles que d\u00e9crites au <strong><a href=\"\/termes-conditions\">termes et conditions<\/a><\/strong>.<\/p>\n<\/div>\n<div style=\"display: flex; gap: 5px;\">\n<p>(2)<\/p>\n<p>Le service de ligne cellulaire est disponible dans les r\u00e9gions desservies par les fournisseurs de r\u00e9seau.<\/p>\n<\/div>\n<div style=\"display: flex; gap: 5px;\">\n<p>(3)<\/p>\n<p>L\u2019option d\u00e9tection de chute est un service optionnel qui utilise des algorithmes pour d\u00e9tecter les chutes. Si une chute est d\u00e9tect\u00e9e, vous serez mis en relation avec un agent qui pourra envoyer les services d&rsquo;urgence si n\u00e9cessaire. Vous pourrez dire \u00e0 l\u2019agent si vous n&rsquo;avez pas besoin d&rsquo;aide. Nous ne pouvons pas garantir que le service d\u00e9terminera toujours avec pr\u00e9cision une chute et il est conseill\u00e9 de toujours appuyer sur le bouton d\u2019urgence si vous avez besoin d&rsquo;aide.<\/p>\n<\/div>\n","protected":false},"excerpt":{"rendered":"<p>Notre dispositif d\u2019alerte mobile GPS est le plus r\u00e9sistant aux chocs et \u00e0 l\u2019eau, id\u00e9al pour les gens actifs et les travailleurs.<\/p>\n<ul>\n<li>D\u00e9tection de chute et application pour proche aidant en option<\/li>\n<li>Se porte en pendentif ou \u00e0 la ceinture<\/li>\n<\/ul>\n","protected":false},"featured_media":385,"template":"","meta":[],"product_brand":[],"product_cat":[15,30],"product_tag":[],"class_list":{"0":"post-703","1":"product","2":"type-product","3":"status-publish","4":"has-post-thumbnail","6":"product_cat-produits","7":"product_cat-dispositif-dalerte-mobile","9":"first","10":"instock","11":"shipping-taxable","12":"purchasable","13":"product-type-composite"},"jetpack_sharing_enabled":true,"_links":{"self":[{"href":"https:\/\/globalsecuritealerte.ca\/produits\/wp-json\/wp\/v2\/product\/703","targetHints":{"allow":["GET"]}}],"collection":[{"href":"https:\/\/globalsecuritealerte.ca\/produits\/wp-json\/wp\/v2\/product"}],"about":[{"href":"https:\/\/globalsecuritealerte.ca\/produits\/wp-json\/wp\/v2\/types\/product"}],"wp:featuredmedia":[{"embeddable":true,"href":"https:\/\/globalsecuritealerte.ca\/produits\/wp-json\/wp\/v2\/media\/385"}],"wp:attachment":[{"href":"https:\/\/globalsecuritealerte.ca\/produits\/wp-json\/wp\/v2\/media?parent=703"}],"wp:term":[{"taxonomy":"product_brand","embeddable":true,"href":"https:\/\/globalsecuritealerte.ca\/produits\/wp-json\/wp\/v2\/product_brand?post=703"},{"taxonomy":"product_cat","embeddable":true,"href":"https:\/\/globalsecuritealerte.ca\/produits\/wp-json\/wp\/v2\/product_cat?post=703"},{"taxonomy":"product_tag","embeddable":true,"href":"https:\/\/globalsecuritealerte.ca\/produits\/wp-json\/wp\/v2\/product_tag?post=703"}],"curies":[{"name":"wp","href":"https:\/\/api.w.org\/{rel}","templated":true}]}}